is divided by (1/l)/((-6)/(-24))?
3
Suppose -2*s - j = 8, 5*s + 0*s + j + 20 = 0. What is the remainder when s/((-33)/30 - -1) is divided by 21?
19
Let c(q) = -7*q - 1. Let s be c(1). Calculate the remainder when 21*(-1 + s/(-3)) is divided by 12.
11
Let m(b) = 5*b**2 - 2*b + 1. Suppose -28 = -2*l + 72. What is the remainder when l is divided by m(2)?
16
Suppose -5*x + 308 = 23. Calculate the remainder when x is divided by 15.
12
Let f(q) = 3*q - 1. Let t(c) be the third derivative of c**4/12 - c**3 + 3*c**2. What is the remainder when t(5) is divided by f(1)?
0
Suppose -3*m = -5*w + 345, -w - 3*w - 2*m = -298. What is the remainder when w is divided by 15?
12
Let g(d) = -d**2 - 4*d - 5. Let n be g(-8). Let r = -20 - n. Calculate the remainder when r is divided by 6.
5
Let p(o) = -o + 2. Let q be p(0). What is the remainder when (26 - (-4)/q) + 0 is divided by 31/3 - (-2)/(-6)?
8
Let f = -41 + 60. Let r = -47 + 71. Let k = -14 + r. Calculate the remainder when f is divided by k.
9
Let v be (-2)/6 + 20/6. Suppose -3*d - v*g + 20 + 34 = 0, 3*g - 15 = 0. Let i = 0 + d. What is the remainder when 38 is divided by i?
12
Let m(v) = -11*v - 7 + 2 + v**2 - 2*v**2. What is the remainder when m(-9) is divided by 5?
3
Let d = -43 + 135. What is the remainder when d is divided by 24?
20
Suppose 18 - 3 = 5*d. Suppose -5 = -d*x + 10. Suppose 0 = j - 12 - 1. What is the remainder when j is divided by x?
3
Suppose 5*o - 13*o = -40. Calculate the remainder when 9 - 0/(-1*1) is divided by o.
4
Suppose -4*j - 5*s = -6*s - 107, 4*j - 3*s = 113. Calculate the remainder when j is divided by (4/6)/(6/81).
8
Let r(d) = d**3 - 4*d + 11*d + 9*d**2 + 7*d**2 - 4 - 4*d**2. Calculate the remainder when r(-11) is divided by 14.
12
Suppose 0 = -3*t - s + 23, -t = -4*t - 3*s + 33. Let a be 74/12 + (-1)/6. Let j = a - 2. What is the remainder when t is divided by j?
2
Let x = 1 - -3. Suppose 4*v - 2*r - 93 = v, -v = -x*r - 31. Calculate the remainder when v is divided by 16.
15
Let r(z) = z - 13. Let k be r(13). Suppose k = 2*x - 5*x + 9. Calculate the remainder when 11 is divided by x.
2
Let i(y) = -y**3 + 12*y**2 + 2*y - 9. Let c = -31 - -75. Calculate the remainder when c is divided by i(12).
14
Let c = 30 + 9. Let v be (-6)/27*-6*-6. What is the remainder when c is divided by v/(-20) - (-98)/5?
19
Let w = 25 + -6. Let v = 0 - -35. What is the remainder when v is divided by w?
16
Let y = 8 - 5. Suppose 39 = -0*w + y*w. What is the remainder when w is divided by 7?
6
Let q(l) = 13*l**2 + 5*l + 6. Let k(f) = 14*f**2 + 4*f + 5. Let t(a) = 7*k(a) - 6*q(a). What is the remainder when 83 is divided by t(-1)?
20
Suppose -4*o - 159 = -7*o. What is the remainder when o is divided by 29?
24
Let v(o) = -o**3 - 6*o**2 - 5*o + 5. Suppose -4*m + 19 = -3*q - 0*q, -3*q = -3*m + 18. Calculate the remainder when v(q) is divided by 2.
1
Let j(y) = 35*y - 2. What is the remainder when j(1) is divided by 12?
9
Let r(g) = g**2 - 2*g - 2. What is the remainder when 49 is divided by r(5)?
10
Let y = 129 - 90. Let t be (-502)/8 - 1/4. Let u = -43 - t. Calculate the remainder when y is divided by u.
19
Let v(z) = z**3 + 11*z**2 - z - 6. Let j be v(-11). Suppose -j*l + 3 - 8 = -5*b, 5*b - 9 = 3*l. Let r = 7 - 3. Calculate the remainder when r is divided by b.
1
Suppose 11*l - 72 = 5*l. What is the remainder when 21 is divided by l?
9
Suppose 1 = q - b, 5*q - b = -0*b + 21. Let o be 2*2 + 2/(-2). Suppose -j + 10 = -5*n + 3, q*n - 21 = -o*j. Calculate the remainder when 19 is divided by j.
5
Let i(q) = q**3 + 10*q**2 - 14*q + 6. What is the remainder when i(-11) is divided by 14?
11
What is the remainder when 19 is divided by (-10)/(-2)*1*(-88)/(-40)?
8
Suppose n + 4*n - 3*v = 53, -4*v - 10 = -2*n. Suppose -3*w + 35 = -n. What is the remainder when 29 is divided by w?
13
Let t(g) = g**2 + g - 5. Suppose -15 = j + 4*j. Calculate the remainder when t(5) is divided by 9*((-3)/1)/j.
7
Suppose 2*t = 4*c - 56, c - t - 4 - 8 = 0. Calculate the remainder when 61 is divided by c.
13
Suppose -4*g + 6*g - 3*t = 79, 0 = g - 2*t - 37. Calculate the remainder when g is divided by 24.
23
Suppose -2 + 7 = w. Suppose -4*o - 4*f = 28, 4*o - f = -0*f - 13. Calculate the remainder when 6/o*1*-6 is divided by w.
4
Suppose 4*u + 6 + 22 = 0. Let q(c) = -c**2 + 4*c. Let n be q(2). Calculate the remainder when 40 is divided by (-100)/u + n/(-14).
12
Let v(p) = -p**2 - 1. Let w(o) = -o**2 - o - 5. Let s(x) = -3*v(x) + w(x). Calculate the remainder when 7 is divided by s(2).
3
Let a = 0 - 0. Let v = 12 - a. What is the remainder when 2/8 - (-105)/v is divided by 5?
4
Let o = 89 + -28. Calculate the remainder when o is divided by 32.
29
Suppose -z = -5*s + 57, -s = 3*s + 4*z - 60. What is the remainder when s is divided by 8?
4
Let t = 146 - 84. Suppose -3*n = -2*g - 52, n + g = -g + 12. What is the remainder when t is divided by n?
14
Let z = -11 - -17. Suppose z*m - 270 = m. Calculate the remainder when m is divided by 28.
26
Let c be (6/(-10))/(1/5). What is the remainder when 37 is divided by 5*c/((-9)/6)?
7
Let h(d) be the second derivative of d**4/12 - 5*d**3/6 + 7*d**2/2 - d. Let i(s) = s - 6. Let a be i(13). Calculate the remainder when h(a) is divided by 11.
10
Let n be 3 - 5 - 0 - 4. Let i = n + 10. Calculate the remainder when 7 is divided by i.
3
Suppose 5*x - 100 - 20 = 0. What is the remainder when 46 is divided by x?
22
Let w be 21/(-35) + (-66)/(-10). Suppose -3*c = -w*c + 12, 17 = 3*s - c. Let d = -2 + 15. Calculate the remainder when d is divided by s.
6
Let g(o) = o**2 + o + 14. Let l(b) = -1 - b**2 + 2*b + 3*b**2 + 2*b. What is the remainder when g(0) is divided by l(-3)?
4
Let r = -147 - -237. Suppose -424 = -4*p - 172. Let k = r - p. Calculate the remainder when k is divided by 14.
13
Suppose 4 - 5 = -o, t = -4*o + 5. What is the remainder when 4 is divided by 4 - (1 - -1 - t)?
1
Let h be 916/16 - 2/8. Let b = h + -40. Let f(x) = -x**3 - x + 9. What is the remainder when b is divided by f(0)?
8
Suppose -5*l - i + 20 = -6*i, 17 = 3*l - 4*i. Let d be (5 + -3)/(l/3). Calculate the remainder when 35 is divided by (d/5)/(3/(-30)).
11
Let c(q) = -q + 2. Let l(u) = -3*u + 6. Let v(x) = -8*c(x) + 3*l(x). Calculate the remainder when 20 is divided by v(-9).
9
Suppose 0 = -2*d - 4*v + 16, -5*d + v = 2*v - 49. Let b be (3/(-9))/(2/6). What is the remainder when d is divided by (-4 + b)*6/(-5)?
4
Let i(o) = o**3 - 10*o**2 - 9*o - 16. Let g be i(11). Let j = -33 - -68. Suppose -u - j = -g*u. Calculate the remainder when 19 is divided by u.
5
Let o be -47*((-1)/(-1))/(-1). Let d = -14 + o. Calculate the remainder when d is divided by (17 - 0)/(3 + -2).
16
Let c(a) be the third derivative of a**5/60 + 25*a**3/6 - 2*a**2. What is the remainder when c(0) is divided by 14?
11
Suppose m + 2*m - 24 = 0. Suppose 3*w - m*w + 11 = -b, 5*w + 4*b = 6. What is the remainder when 2 is divided by w?
0
Suppose 5*c = 0, 5*c = 5*t + 3*c - 45. Let m = t - 15. Let b = m - -10. What is the remainder when 6 is divided by b?
2
Suppose 0 = 7*o - 13 - 57. What is the remainder when o is divided by 2?
0
Suppose -5*h - 4*d = -103, -h - 2*d = -3*d - 17. What is the remainder when h is divided by 7?
5
Let i = 20 + 6. Calculate the remainder when i is divided by 15.
11
Let u(z) = -z**2 + 57. Let w be u(0). Let t = w + -34. Suppose 23 = 4*q - 25. What is the remainder when t is divided by q?
11
Let r = 7 - 5. Suppose r*p - 6 = -p. Suppose -v + 5 = 0, -p*w + 3*w = -v + 19. What is the remainder when w is divided by 8?
6
Let v be 53 + (0 - (1 + -3)). Let p(t) = -7*t**3 - 1. Let k be p(1). Let b = v + k. Calculate the remainder when b is divided by 12.
11
Let i be 9/15 - 66/10. Let q(x) = x**3 + 5*x**2 - 8*x - 6. Calculate the remainder when q(i) is divided by 4.
2
Let p = -8 - -19. What is the remainder when 18 is divided by p?
7
Let s be ((-8)/16)/(2/(-36)). Let b = s - -12. What is the remainder when b is divided by 6?
3
Let t = 5 + 46. Suppose 5*m - 4*x - 51 = 2*m, -3*x + t = 3*m. Calculate the remainder when 66 is divided by m.
15
Suppose -2*g - 6 = 0, -w - 6*g = -g + 13. Suppose o - 13 = -x, w*x + 5*o - 12 = 11. What is the remainder when x is divided by 8?
6
Let b(q) = -q**3 - 8*q**2 - 6*q + 10. Let l be b(-7). Suppose l*r + t - 32 = 0, 5*r -